(i) - 3*s(i). What is d(m)?
3
Let q(i) = -i**3 + 13*i**2 - 13*i + 11. Suppose -3*u = -u - 24. Let n be q(u). Let y(h) = -3*h**3 - 2*h**2 - 2*h - 1. Determine y(n).
2
Suppose -2 = -x + 2. Let o(t) = t - t**3 - x*t**2 + 4*t**3 - 4*t**3 + 6 + 5*t. What is o(-5)?
1
Let t(r) = -3*r**2 - r - 9. Let p(z) = 2*z**2 + 2*z + 8. Let g(d) = -4*p(d) - 3*t(d). Suppose h - 4*b + 8 = -5*b, 0 = -2*b + 2. Let k = h + 14. Give g(k).
-5
Let i(l) = 1 + 3*l - 14 + 11 - l. Give i(3).
4
Let g(k) be the first derivative of 1 - 1/4*k**4 + k**2 + 0*k**3 + 2*k. Suppose 0*c = 5*c + 10. Determine g(c).
6
Let n(z) be the third derivative of 5*z**4/24 - 5*z**3/6 + 2*z**2. Let x(w) = -26*w + 25. Let l(s) = -11*n(s) - 2*x(s). Calculate l(4).
-7
Let u(h) = h - 19. Let l be u(18). Let p be (-1)/(-4) - (-45)/12. Let s(d) = 4*d**3 + 0 + 5*d - p*d + d**2 + 1. Determine s(l).
-3
Let y be -6*(-1)/(-4)*2. Let i(p) be the first derivative of -1/3*p**3 - 1 + 0*p**2 + 2*p. Calculate i(y).
-7
Let k(r) be the first derivative of -2*r**4 - 2*r**3/3 - r**2 - r - 1. Let v(h) = -h + 4. Suppose 15 = -z + 4*z. Let i be v(z). Give k(i).
7
Suppose -4*u - 25 = -1. Let w(l) = l - 7. What is w(u)?
-13
Let f = -1 - -2. Let u(s) = 6*s - f + s - 8*s. Determine u(2).
-3
Let o(i) = -i**3 + 5*i**2 - 5*i + 2. Let m = -9 - -20. Let y = m - 7. Determine o(y).
-2
Let m(a) = -a + 5. Let w(x) = -x - 2. Let t(f) = 5*f + 9. Let n(b) = -2*t(b) - 9*w(b). Let d be n(-3). Determine m(d).
2
Let j(c) = -c**3 + 7*c**2 - 6*c + 2. Let u(t) = t**3 + 3*t**2 - t + 3. Let b be u(-3). Determine j(b).
2
Let t(c) be the third derivative of -c**5/60 + c**4/6 - 2*c**3/3 - 2*c**2. Determine t(3).
-1
Let k(t) = 7*t**3 + t**2 - 4*t - 3. Let l(b) = 6*b**3 - 3*b - 3. Let v(m) = -5*k(m) + 6*l(m). Give v(5).
7
Let u(a) = -4*a + 3*a - 5*a + 5*a - 1. What is u(-7)?
6
Let h(m) = m**3 - 6*m**2 + m + 2. Let n(g) = g**2 - 4*g - 14. Let r be n(7). Suppose 0 = -4*f - v + 29, -5*v + r = 2*f - 30. Calculate h(f).
8
Let l(d) be the first derivative of -d**2/2 + 6*d - 6. What is l(0)?
6
Suppose -2*y - 3 = y + 3*d, -d = 2*y. Let r(k) = 3*k - 3*k**2 - 5*k - y + k**3 + k. Determine r(3).
-4
Let u(j) be the third derivative of -j**5/60 - j**4/24 - 2*j**3 - 12*j**2 - 2*j. What is u(0)?
-12
Let m be (7/(-2))/(3/6). Let l = -12 - m. Let f(b) = -7*b**2 + 2*b**2 - b**3 - 1 + 0*b**3 + b. What is f(l)?
-6
Let z(m) = m + 1. Let n be z(-4). Let b be (6 + 0)/3 - -4. Let l(o) = -4*o - o**3 - b + 2 - 3*o**2 - o**2 + 2. What is l(n)?
1
Let y(g) = g - 1. Let j(z) = z - 2. Let w(d) = 3*j(d) - 4*y(d). Give w(5).
-7
Let b = -121 - -126. Let a(i) be the third derivative of i**6/120 - i**5/15 - i**4/6 - i**3/6 - i**2. Determine a(b).
4
Let j be 0 + (-1 - -2 - -1). Suppose 0 = -c - 0 + 2. Let k(w) = -7 + w + 5 - 3*w + 3*w**c. Calculate k(j).
6
Suppose 0*s = -4*c + 4*s - 24, -4*c + s - 24 = 0. Let t be c/(-8) + (-15)/(-12). Suppose 7*r - t*r = -15. Let h(z) = z**3 + z**2 - 3*z + 4. What is h(r)?
-5
Let x(g) = 5*g - 2 - g + 4*g - g**2. Determine x(3).
13
Let k(u) = -u**3. Let o(n) = 10*n**3 - 2*n**2 + n. Let a(s) = -4*k(s) + o(s). Determine a(1).
13
Let u(t) = t**2 - 4*t + 5. Let v(q) be the first derivative of 16*q**3/3 - q**2/2 + q + 2. Let r be v(1). Suppose -3*k = k - r. Determine u(k).
5
Let t(g) be the third derivative of -1/3*g**3 + 0*g**5 - 1/120*g**6 + 5*g**2 + 0*g + 1/24*g**4 + 0. What is t(2)?
-8
Let x(w) = -w**2 + 7*w + 5. Let i be x(7). Suppose -i*o + 5 = -2*s, 0*s + o = 4*s - 17. Let u(z) = z**3 - 2*z**2 - 3*z**2 + 0 + 3. Determine u(s).
3
Let q(n) = 6*n + 3. Let k(m) = -35*m - 4. Let r(b) = -7*b - 1. Let a(u) = 2*k(u) - 11*r(u). Let o(y) = -3*a(y) + 4*q(y). Calculate o(-5).
-12
Let j = 24 - 21. Let r(n) = n. Calculate r(j).
3
Suppose 0 = -5*i - 24 - 6. Let m(q) = 10*q**2 + 15*q - 18. Let h(o) = 3*o**2 + 5*o - 6. Let n(s) = 7*h(s) - 2*m(s). Give n(i).
0
Let t(h) = 2 - 859*h + 7 + 860*h. What is t(-4)?
5
Let o(g) = -g**2 + 1. Let r(p) = -p**2 + p + 1. Let j(w) = 6*w**2 + 3*w - 8. Let l(i) = -j(i) - r(i). Let n(s) = -l(s) + 6*o(s). What is n(3)?
2
Let i(f) = f**2 + f - 7. Suppose h + 2*z = -h, -4*h - 5*z = 0. What is i(h)?
-7
Suppose 0 = -4*k - q - 21, 3*k - 5*q = -0*q + 13. Let x(m) = 2*m**3 - 5*m - 3*m**3 + 2*m**2 - 7*m**2 + 1. Determine x(k).
5
Suppose -8 = -v + 2*s, 5*v + 5*s + 9 = 2*v. Let n(r) = 2*r**3 + 4*r**v + 0*r**3 - r**3 + 2*r + 5. Give n(-4).
-3
Let g(v) = -v**2 + 7*v. Let s(l) = 3*l. Let i(m) = 4*g(m) - 9*s(m). Determine i(2).
-14
Let q(b) = b. Let n(f) = -4*f + 1. Let y(g) = -n(g) - 5*q(g). Let r(k) = -k**3 - 7*k**2 + 9*k + 11. Let j be r(-8). Give y(j).
-4
Let v be 3 - (2 + -5)*-1. Let t(y) = -12 + y - 2*y**2 + 3*y**2 + 0*y**2. What is t(v)?
-12
Let s(m) = -4*m**2 - 4*m - 3. Let z(j) = -3*j**2 - 3*j - 2. Let u(l) = 2*s(l) - 3*z(l). Let t be (-1 - (1 + -1))*0. What is u(t)?
0
Suppose -5*h - 1 - 9 = 0. Let m(k) = -3*k**2 - 4*k - 3. Determine m(h).
-7
Let j(l) = l**3 - 6*l**2 + 2*l - 6. Let a = 122 + -116. What is j(a)?
6
Let k(g) = g + 4. Let i be (-2 + -1)*(-3)/(-9). Let m(n) = n + 3. Let a be m(-2). Let h be (a + 1/i)/1. What is k(h)?
4
Let v be 3/(-3) + (3 - 9/3). Let u(r) = 6 - r - 6. Calculate u(v).
1
Let h(v) = v**3 - 8*v - 11. Let y be h(-2). Let r(l) = l**3 + 3*l**2 + 2*l. What is r(y)?
-6
Suppose -2*a = 2*a - 24. Let l(j) be the third derivative of 1/30*j**5 + 0 + 1/120*j**a - j**2 - 1/8*j**4 + 0*j + 1/6*j**3. What is l(-3)?
1
Let z(n) = -5*n**2 + 36*n + 27. Let p(d) = -d**2 + 9*d + 7. Let c(b) = -9*p(b) + 2*z(b). Let r = 141 - 148. Give c(r).
5
Let i(t) = -5*t**3 - 13*t**2 - 2*t + 7. Let k(w) = 1 - 4*w**2 + 11*w**2 + w - 5 + 3*w**3. Let j(z) = -4*i(z) - 7*k(z). Suppose -o + 0 = -3. Determine j(o).
3
Suppose -3 = -2*c + 1. Suppose c*m - 3*m + 1 = 0. Let a(l) = l**3 + 2*l**2 - 2*l + 1. Determine a(m).
2
Let x(a) be the second derivative of -a**8/6720 - a**7/630 - a**6/720 + a**5/120 + a**4/4 + 3*a. Let f(j) be the third derivative of x(j). Determine f(-4).
5
Let p(v) = 4*v**2 - 3*v + 4. Let o(x) = 2*x**2 - x + 1. Let i(w) = -w**2. Let d(a) = i(a) + o(a). Let f(n) = -3*d(n) + p(n). Determine f(0).
1
Let k(n) = -n**2 + n - 3. Let z be 8/(-6)*(-6)/(-4). Let p(w) = -w**3 - 4*w**2 - 4*w - 2. Let f be p(z). Let d be 5/((-10)/4) - f. What is k(d)?
-3
Let i(h) be the second derivative of h**6/360 - h**5/120 - h**4/12 - h**3/2 + h. Let u(y) be the second derivative of i(y). Suppose -6*r = -2*r + 12. Give u(r).
10
Suppose 12 = 4*s, 0*f = 3*f + s - 78. Suppose 4*c - f = -c. Let r(b) = b**2 - 6*b + 5. What is r(c)?
0
Let z(x) be the second derivative of -5/6*x**3 + 0 + x - 1/12*x**4 - 1/2*x**2. Calculate z(-5).
-1
Let t(k) = 4 + 4*k**2 + k**3 + 4*k + 9 - 8. Determine t(-4).
-11
Suppose 5*r + 1 = 4*r. Let c be ((-1)/3)/(r/6). Suppose -c*x + 4*x = -10. Let a(b) = b**3 + 6*b**2 + 6*b + 6. Calculate a(x).
1
Let j(o) = -o**3 - 2*o**2 + 2*o + 2. Let u(t) = t**2 + 3*t - 7. Let h be u(-5). Suppose 11 = -3*b - 7. Let l = h + b. What is j(l)?
5
Let w(j) = -j - 5. Let f(q) = -q**3 - 2*q**2 + q - 3. Let z be f(-4). Suppose 3*s = -2*l + z, 5*s + 4*l = l + 40. What is w(s)?
-10
Let u(r) be the first derivative of r**2/2 - 3*r - 2. Suppose -2*b - 5*n - 8 = -4*b, 0 = -2*b - 5*n + 8. Determine u(b).
1
Let j(v) = v**3 - 3*v**2 - 2*v + 1. Suppose -2*h + 0*h + 2*y = -2, -3 = 3*y. Let d be (h - 0 - 1)*-3. Calculate j(d).
-5
Suppose -10 = 3*j - 4. Let r(c) = -c**2 + 3*c - c**2 + c**2 - 7*c. Give r(j).
4
Let b(q) = 11*q + 12. Let n(s) = 21*s + 9. Let f(x) = -11*x - 4. Let c(k) = -7*f(k) - 4*n(k). Let l(d) = 5*b(d) + 8*c(d). Suppose 7 = 5*z - 13. Calculate l(z).
-8
Suppose 248*n = 250*n - 4. Let u(i) = 3*i**2 + 4 - 6*i**2 - 3 + i**3 + i. Calculate u(n).
-1
Let y(v) = -13*v + 1. Let c be y(-1). Suppose 6 = 4*s - c. Let p(j) = -4*j**2 - 2 - 4*j - 3*j + 4 - 3 + j**3. Give p(s).
-11
Let x(c) = -2*c + 1. Suppose 12 = 2*o + 2*o. Suppose -2*q - 5 = 3*u, 2*u + o = -2*q - 3*u. What is x(q)?
9
Let d(w) be the first derivative of -w**4/4 - 2*w**3/3 + w**2/2 - 2*w + 32. Give d(-3).
4
Suppose 0 = 4*h + 4 - 8. Suppose -5*y - h = 2*z - 5*z, 2*y - 2 = 0. Let p(b) = 5*b - 2. Determine p(z).
8
Let q(s) be the first derivative of 1 + 0*s**3 + s + 0*s**2 - 1/4*s**4. Give q(1).
0
Let r(i) be the second derivative of 1/12*i**4 + 0*i**3 + 6*i + 0 - 3/2*i**2. Give r(0).
-3
Let d(u) be the second d